53. Let t = -7 + q. Let i(h) be the third derivative of h**5/60 - h**4/8 + h**3/3 - 3*h**2. What is i(t)?
6
Let o(u) = -2*u + 5*u + 5 + 3 + 0*u. Calculate o(-7).
-13
Let m be ((-1)/(-2))/((-3)/(108/(-3))). Let w(h) = -5*h - 6. What is w(m)?
-36
Let k be 15/90 - (-315)/54. Let s(l) = -4 - 2*l**2 + 0*l**2 + 6*l + l**2. What is s(k)?
-4
Let m(c) = 7*c + 1. Let b(n) = 4*n**2 - 23*n - 7. Let d be b(6). Calculate m(d).
-6
Let v(w) = 8 - 2678*w**3 + 6*w**2 - w**2 + 2679*w**3 - 5*w. Give v(-6).
2
Let l(d) = d + 2. Let w(z) = -z - 5. Let o(m) = 10*l(m) + 4*w(m). Suppose -2 = -0*f - 2*f. Determine o(f).
6
Let w be ((-77)/(-42) - 10) + 1/6. Let p(l) = -l - 19. What is p(w)?
-11
Let f(i) be the first derivative of -i**4/4 + 11*i**3/3 - 11*i**2/2 - 2*i - 349. Determine f(10).
-12
Let i(j) = -j**3 - 8*j**2 - 5*j + 8. Let o be i(-7). Suppose -10 = -4*m - 3*p - 43, 4*m + 23 = -5*p. Let s = o - m. Let k(b) = b**2 - 6*b. Give k(s).
0
Let l(n) = 2*n**2 - 18*n + 5. Let m be l(9). Let s(p) = 5*p**2 + 10 - 5 + p**3 - 5*p - m. Give s(-6).
-6
Let q(c) = -2*c - 26. Suppose 5*g = 5*n - 75, 8*n - 6*n + 54 = -5*g. What is q(g)?
-2
Let a(y) = 2*y + 44. Let p be a(-21). Let c(x) = 6*x**p + 6*x - x**3 + 6 - 3*x**2 - x**2 + 3*x**2. What is c(6)?
6
Let n(t) = 10*t**2 - 3*t - 3. Let w be n(-2). Let v = -62 + w. Let f = -15 - v. Let i(q) = -q**2 + 4*q. Determine i(f).
0
Suppose 0 = 3*p + 5*q + 8, 2*q - q - 4 = 5*p. Let g(o) = o**2 - 5*o + 4. Let t be g(5). Let b(r) = -10*r**2 + t*r**3 + 0*r + 8*r**2 + 0*r + 1. Calculate b(p).
-5
Let w be 30/75 + 8/5. Suppose 0 = -4*c + 5*q + 7, -q - q + w = 0. Let n(u) = u**2 - 5*u + 1. Determine n(c).
-5
Let t(s) = 25*s + 3. Let i(a) = 75*a + 10. Let b(q) = 2*i(q) - 7*t(q). Give b(-1).
24
Let k(f) = -f**2 - 9*f + 27. Let y(l) = -l**2 + 13*l - 54. Let h be y(6). Give k(h).
-9
Let v(k) = k**3 - k**2 - 4. Suppose 0 = -11*g + 9*g. Give v(g).
-4
Let j(y) be the first derivative of -y**4/24 - y**3/6 - y**2/2 - 1. Let v(h) be the second derivative of j(h). Let p be 1/(6/(-8)*4/(-6)). Determine v(p).
-3
Let g = -19 + 26. Let m(y) = y**3 - 8*y**2 + 8*y - 5. Let a be m(g). Let o(u) = -2 + u**3 - a*u**3 - 5*u**2 + 0*u**2 - 2*u**2. What is o(-7)?
-2
Suppose 5*o + 2 = 12. Let n(f) = -f**o - f - f - 3*f - 7. Suppose 4*l + 4*h = -51 + 15, 5*l + h + 29 = 0. Calculate n(l).
-7
Let z(i) = -6*i**2 - i**3 + 19*i**2 - 9*i**2 - 4*i**2 - 6*i**2 + 21. Determine z(-5).
-4
Let m(a) be the third derivative of -19*a**2 + 1/8*a**4 + 1/120*a**6 + 0 - 1/3*a**3 + 0*a - 1/12*a**5. Calculate m(4).
-6
Let o(c) = 5*c + 6. Let a(p) = 4*p + 6. Let k(y) = 4*a(y) - 3*o(y). Let v be (-3248)/319 - 4/(-22). Calculate k(v).
-4
Let m(x) = 3*x**2 + 4*x. Let t(r) = -4*r**2 - 4*r. Let h be 8/10*(24 + -19). Suppose 0 = 3*s - h*s - 4. Let q(g) = s*t(g) - 5*m(g). Determine q(3).
-3
Suppose 114 = 4*r - 2*h, 3*h + 61 = 2*r - 2*h. Suppose -3*o + 4*q = -38, -3*o = 3*q - 5*q - r. Let x(f) = -f**2 + 7*f + 7. Calculate x(o).
13
Let b = -264 - -262. Let n(y) = 18*y + 3. Determine n(b).
-33
Let f(s) = -s**2 - 3*s - 8. Let h(b) = -3*b + 27. Let u be h(11). What is f(u)?
-26
Suppose 3*l = 6 + 9. Suppose 26 = -l*z + 61. Let q(t) = -5*t - 9. Let x(y) = 2*y + 4. Let v(s) = -3*q(s) - 7*x(s). What is v(z)?
6
Suppose 2*f + 5 = -1. Let h be 2/(f/(-2) + -1). Let g(l) be the third derivative of l**4/12 - l**3/6 - 2*l**2. What is g(h)?
7
Let c be 2 + (-3 - (-1 - -3)). Let x(d) = -10*d - 3. Determine x(c).
27
Let i(r) be the third derivative of r**6/120 - r**5/6 + r**4/3 - 7*r**3/6 - 66*r**2. Calculate i(9).
-16
Let r(p) = p**2 - 17*p + 12. Suppose -26*a = 95*a - 2057. Determine r(a).
12
Let s(y) = -3*y**2 + 8*y**2 + 3 + 3*y**2 - 2*y + y**3 - 3*y**2 + 5*y. Give s(-4).
7
Let l(r) = 2*r**2 - 13*r - 13. Let j(i) = 2*i**2 - 4*i - 4. Let h(v) = 7*j(v) - 2*l(v). Calculate h(-1).
10
Let f be (-40)/(-32) - (-9)/12. Suppose -3*d = -f*t + 3*t - 4, 0 = t + 5*d - 10. Let s(g) = g**3 + 4*g**2 - 7*g - 5. Give s(t).
5
Let p(y) be the first derivative of -9 + 1/4*y**4 - 5/3*y**3 - 3*y**2 + 7*y. What is p(6)?
7
Let c(z) = -2*z - 18. Let t be (-12)/14 - (4 + 286/91). What is c(t)?
-2
Suppose 3*b - 1 = 8. Let g be b + -2 + -1 + 3. Let z(q) = -5*q**3 - 3*q**2 - 2*q**2 - 2 + 5*q + 6*q**3. Give z(g).
-5
Suppose 9*y - 3*y = 18. Let w(r) = 80*r + 5*r**3 - 32*r**y - 81*r. Calculate w(1).
-28
Let q(l) be the first derivative of l**4/4 + l**3/3 - l**2/2 - 2*l + 30. Suppose 0*y + 4*y = -36. Let g be 5 - y/(-3) - 0. Calculate q(g).
8
Let f(u) = -u**2 + 1. Let t(d) = -3*d**2 + 3*d + 6. Let c(m) = -4*f(m) + t(m). Suppose -x - 4 = 2*z + 2, 0 = -3*z + x - 14. Give c(z).
6
Let r(o) = -o**3 + 4*o**2 + 2*o + 1. Suppose 65 + 40 = 3*b. Let p = b - 30. Determine r(p).
-14
Suppose -39 = 5*m - 319. Let n = 62 - m. Let o(p) = p - 4. What is o(n)?
2
Let d = -1827 + 1817. Let v(c) = c + 9. Give v(d).
-1
Suppose -3*h - 8 = -5*h. Let d(s) = -s + 1. Let k(b) = -b**3 + 5*b**2 - 9*b + 9. Let j(u) = 4*d(u) - k(u). Determine j(h).
-1
Let m(c) = 11*c**2 - 10*c - 6. Let w(f) = -2*f**2 + 2. Let g(u) = -m(u) - 5*w(u). What is g(6)?
20
Let z(o) = 72*o + 72*o - 221*o + 79*o - 9. Give z(1).
-7
Let l = 24 + -18. Suppose 3*f - 19 = n, -f - l = -3*f - n. Let d(k) = -13 - k**2 + f + 9*k + 3*k**2 - 3*k**2. Calculate d(7).
6
Let a(h) = h + 4. Let q(t) = 3*t + 9. Let c(s) = 5*a(s) - 2*q(s). Let x be (-5 + 10)*6/5. Suppose x = 2*f - 3*f. Calculate c(f).
8
Let p(n) be the second derivative of -n**5/20 + n**4/2 + n**3/3 - 7*n**2/2 + 2*n - 197. Give p(6).
5
Let s(a) = -2*a - 3. Let f be (-4)/(4 - 8) + 4. Suppose 0*c = -3*t - c - 14, -5*t - f*c = 30. What is s(t)?
5
Suppose -3*q + 1 - 16 = 0, a - 2*q = 5. Let v(t) be the first derivative of t**3/3 + 5*t**2/2 + 7*t + 204. Determine v(a).
7
Let s(f) be the second derivative of 3*f**5/10 - 7*f**4/12 + f**3 + 3*f**2 + 28*f. Let d(q) = 7*q**3 - 7*q**2 + 6*q + 6. Let g(b) = 5*d(b) - 6*s(b). Give g(6).
-6
Let k(d) = 18 - 16*d - 10 + 15*d - 24. Give k(-8).
-8
Let i(w) be the third derivative of w**6/120 - w**5/10 - w**4/6 + 2*w**3/3 - 102*w**2 - 3*w. Give i(4).
-44
Let g(i) = i**2 - 4*i + 2. Let c be g(4). Suppose 4*j = -2*z + 46, 3*j + 2*j + 10 = 2*z. Let v(a) = 0 + z*a**c - 17*a**2 - 2. Calculate v(-2).
-10
Let j(s) = s**3 - 4*s**2 + s. Let q be j(3). Let t(f) = -f**3 - 7*f**2 - 5*f + 8. Let w be t(q). Let d(u) = 5*u - 5 + 2*u + 7*u**w - 8*u**2. Give d(4).
7
Let m be (3*1)/(9/6). Let z be 2 + (1 - 2) + m. Let w(d) = -84*d**2 - 2*d + 2. Let v(a) = 17*a**2. Let i(k) = -5*v(k) - w(k). Calculate i(z).
-5
Let q(o) = 37*o + 218. Let j be q(-6). Let w(y) = 1 + 5*y + y**2 - 2 - 3*y. Calculate w(j).
7
Let l be 42/4*16/(-12). Let z = l + 13. Let k(r) = -r**3 + 1. Let t(n) = 2*n**2 + 3. Let v(g) = z*t(g) + k(g). What is v(-2)?
-2
Let g(w) be the second derivative of 10*w + 0*w**4 + 0 + 0*w**2 - 1/6*w**3 + 9/20*w**5. What is g(-1)?
-8
Let s(d) = -16*d + 13. Let v(l) = 45*l - 40. Let o(n) = -11*s(n) - 4*v(n). What is o(5)?
-3
Let a(x) = -19*x + 14. Let z(j) = 10*j - 7. Let u(y) = -6*a(y) - 11*z(y). Let q = 75 - 43. Let c = 37 - q. What is u(c)?
13
Suppose 5*w - 36 = 4*k, k + 3*w = 13 - 5. Let i = k + 6. Suppose -5*p - i = -17. Let y(h) = h**3 - 2*h**2 - h - 3. Calculate y(p).
3
Let r(t) = 6 - 20*t + 19*t + 1 + 16. Calculate r(17).
6
Let s(f) = -f**2 + 8*f + 18. Let o be s(10). Let n be (2 + 20/(-12))/(o/12). Let t(r) = r. What is t(n)?
-2
Let q(g) = -g**3 - 4*g**2 - g + 4. Let c(p) = p**2 - 3*p - 1. Suppose -5*a + 20 = 5*v, 5*v - a = -0*a + 26. Let m be c(v). Let h be (m/3 + -2)*-3. Give q(h).
-2
Let q(o) = -14*o - 12. Let y(d) = 2*d + 1. Let r(x) = q(x) + 10*y(x). Suppose -2*l = 2*l - 8. Let u be (l - 3)*3*1. Give r(u).
-20
Let b = -5 - -13. Suppose -7 = -5*x + b. Let d(u) = 6*u + 1 - 4 - 5*u. What is d(x)?
0
Let k(j) = j**2 - 9*j + 10. Suppose 0 = 3*s + 4*p - 23, -4*s - 130 + 152 = p. Calculate k(s).
-10
Suppose -v + 2*j = -15, j + 65 = -0*v + 3*v. Let w = v - 24. Let g(n) = -7*n. Give g(w).
7
Let r be 0/1 + 2 + 0. Suppose -f = 3, -r*l + 2*f = -0*f - 12. Suppose l*i - 4*i = -b, b = 4*i - 3. Let q(w) = -2*w. Give q(i).
-2
Let p(a) = -a**2 - a - 1. Suppose -5*q + 3 = -4*q. Suppose -s + 2*u + 9 = 0, -s - 21 = q*u + u. Determine p(s).
-1
Let y be ((-8)/(-4))/(-4)*2*-9. Let v(r) = y*r - r**2 + 4 - 1 - 5*r. Give v(4).
3
Suppose 3*u = -u. Let r(n) be t